{"id":830,"date":"2020-01-01T18:20:26","date_gmt":"2020-01-01T18:20:26","guid":{"rendered":"http:\/\/www.capdagdefrance.co.uk\/italian\/?page_id=830"},"modified":"2023-11-09T10:52:29","modified_gmt":"2023-11-09T10:52:29","slug":"sistemazione","status":"publish","type":"page","link":"https:\/\/www.capdagdefrance.co.uk\/italian\/sistemazione\/","title":{"rendered":"Tipi di sistemazione in campeggio a Cap d&#8217;Agde"},"content":{"rendered":"\n<figure class=\"wp-block-image aligncenter size-large\"><img loading=\"lazy\" decoding=\"async\" width=\"460\" height=\"265\" src=\"https:\/\/www.capdagdefrance.co.uk\/italian\/wp-content\/uploads\/2020\/01\/bungalow-campeggio-naturista.jpg\" alt=\"Bungalow campeggio naturista in Cap d'Agde\" class=\"wp-image-2079\" srcset=\"https:\/\/www.capdagdefrance.co.uk\/italian\/wp-content\/uploads\/2020\/01\/bungalow-campeggio-naturista.jpg 460w, https:\/\/www.capdagdefrance.co.uk\/italian\/wp-content\/uploads\/2020\/01\/bungalow-campeggio-naturista-300x173.jpg 300w\" sizes=\"(max-width: 460px) 100vw, 460px\" \/><\/figure>\n\n\n\n<p>Ci sono vari tipi diversi di alloggio se vi fermate nel campeggio del complesso naturista di Cap d\u2019Agde. Potete scegliere tra:<\/p>\n\n\n\n<ul class=\"wp-block-list\">\n<li>Prenotare una piazzola e metterci la tenda, la macchina, il caravan o la roulotte.<\/li>\n\n\n\n<li>Stare in una casa mobile di quelle che si trovano in posizione permanente in alcune piazzole e che vengono affittate.<\/li>\n\n\n\n<li>Affittare uno dei bungalow che possono essere per <a href=\"https:\/\/www.centrenaturiste-oltra.fr\/\" target=\"_blank\" rel=\"noreferrer noopener\" label=\"2, 4 o 6 persone (opens in a new tab)\"><span style=\"text-decoration: underline;\">2, 4 o 6 persone<\/span><\/a>.<\/li>\n<\/ul>\n\n\n\n<h2 class=\"wp-block-heading\">Piazzole<\/h2>\n\n\n\n<p>La scelta dipende dalle vostre preferenze e da quanto volete spendere.<\/p>\n\n\n\n<p>L\u2019opzione pi\u00f9 economica, per esempio, se non volete spendere molto, \u00e8 prenotare una piazzola e sistemarci un paio di tende grandi, un gazebo e magari usare la macchina come parte di questa sistemazione (per esempio usarla come ripostiglio o per attaccarci il gazebo).<\/p>\n\n\n\n<h2 class=\"wp-block-heading\">Case mobili<\/h2>\n\n\n\n<p>Alloggiare in una delle case mobili (alcune sono collegate direttamente alle fognature) \u00e8 il modo ideale per stare pi\u00f9 comodi rispetto a una tenda.<\/p>\n\n\n\n<p>Le case mobili che si possono affittare appartengono ai proprietari del campeggio, <span style=\"text-decoration: underline;\"><a href=\"http:\/\/www.centrenaturiste-oltra.fr\/en\/welcome-to-the-center.html\" target=\"_blank\" rel=\"noreferrer noopener\" aria-label=\"Rene Oltra (opens in a new tab)\">Rene Oltra<\/a><\/span>. Si pu\u00f2 scegliere tra:<\/p>\n\n\n\n<ul class=\"wp-block-list\">\n<li>Casa Mobile Isis (4 persone)<\/li>\n\n\n\n<li>Casa Mobile Willerby (da 4 a 6 occupanti)<\/li>\n<\/ul>\n\n\n\n<h2 class=\"wp-block-heading\">Bungalow<\/h2>\n\n\n\n<p>Ci sono vari prezzi in base alla dimensione ed al tipo di sistemazione, quindi \u00e8 meglio controllare il sito di Ren\u00e9 Oltra, se volete soggiornare nel campeggio. Troverete che le principali opzioni elencate nel sito di Ren\u00e9 Oltra sono:<\/p>\n\n\n\n<ul class=\"wp-block-list\">\n<li>Chalet Olympe (2 persone)<\/li>\n\n\n\n<li>Chalet Apollon (2 persone)<\/li>\n\n\n\n<li>Chalet Neptune (4 persone)<\/li>\n\n\n\n<li>Chalet Zeus (6 persone)<\/li>\n<\/ul>\n\n\n\n<p>Se volete risparmiare, noleggiare una piazzola \u00e8 probabilmente la cosa migliore. Se volete prenotare per stare in campeggio, potete vedere la nostra <a href=\"https:\/\/www.capdagdefrance.co.uk\/italian\/campeggio\/prenotare\/\">pagina come prenotare per il campeggio<\/a>.<\/p>\n\n\n\n<div class=\"wp-block-image\"><figure class=\"aligncenter size-large\"><a href=\"https:\/\/www.capdagdefrance.co.uk\/resources\/\" target=\"_blank\" rel=\"noreferrer noopener\"><img loading=\"lazy\" decoding=\"async\" width=\"470\" height=\"215\" src=\"https:\/\/www.capdagdefrance.co.uk\/italian\/wp-content\/uploads\/2020\/01\/resources-capdagde.png\" alt=\"Cap d'Age resources\" class=\"wp-image-1951\" srcset=\"https:\/\/www.capdagdefrance.co.uk\/italian\/wp-content\/uploads\/2020\/01\/resources-capdagde.png 470w, https:\/\/www.capdagdefrance.co.uk\/italian\/wp-content\/uploads\/2020\/01\/resources-capdagde-300x137.png 300w\" sizes=\"(max-width: 470px) 100vw, 470px\" \/><\/a><figcaption><span style=\"text-decoration: underline;\"><strong><a href=\"https:\/\/www.capdagdefrance.co.uk\/resources\/\" target=\"_blank\" rel=\"noreferrer noopener\" aria-label=\"CLICK FOR Cap d&#039;Agde Resources (opens in a new tab)\">CLICK FOR Cap d&#8217;Agde Resources<\/a><\/strong><\/span><\/figcaption><\/figure><\/div>\n","protected":false},"excerpt":{"rendered":"<p>Ci sono vari tipi diversi di alloggio se vi fermate nel campeggio del complesso naturista di Cap d\u2019Agde. Potete scegliere tra: Piazzole La scelta dipende dalle vostre preferenze e da quanto volete spendere. L\u2019opzione pi\u00f9 economica, per esempio, se non volete spendere molto, \u00e8 prenotare una piazzola e sistemarci un paio di tende grandi, un [&hellip;]<\/p>\n","protected":false},"author":1,"featured_media":2079,"parent":0,"menu_order":0,"comment_status":"closed","ping_status":"closed","template":"","meta":{"_et_pb_use_builder":"","_et_pb_old_content":"","_et_gb_content_width":"","_lmt_disableupdate":"no","_lmt_disable":"","footnotes":""},"class_list":["post-830","page","type-page","status-publish","has-post-thumbnail","hentry"],"_links":{"self":[{"href":"https:\/\/www.capdagdefrance.co.uk\/italian\/wp-json\/wp\/v2\/pages\/830","targetHints":{"allow":["GET"]}}],"collection":[{"href":"https:\/\/www.capdagdefrance.co.uk\/italian\/wp-json\/wp\/v2\/pages"}],"about":[{"href":"https:\/\/www.capdagdefrance.co.uk\/italian\/wp-json\/wp\/v2\/types\/page"}],"author":[{"embeddable":true,"href":"https:\/\/www.capdagdefrance.co.uk\/italian\/wp-json\/wp\/v2\/users\/1"}],"replies":[{"embeddable":true,"href":"https:\/\/www.capdagdefrance.co.uk\/italian\/wp-json\/wp\/v2\/comments?post=830"}],"version-history":[{"count":2,"href":"https:\/\/www.capdagdefrance.co.uk\/italian\/wp-json\/wp\/v2\/pages\/830\/revisions"}],"predecessor-version":[{"id":14238,"href":"https:\/\/www.capdagdefrance.co.uk\/italian\/wp-json\/wp\/v2\/pages\/830\/revisions\/14238"}],"wp:featuredmedia":[{"embeddable":true,"href":"https:\/\/www.capdagdefrance.co.uk\/italian\/wp-json\/wp\/v2\/media\/2079"}],"wp:attachment":[{"href":"https:\/\/www.capdagdefrance.co.uk\/italian\/wp-json\/wp\/v2\/media?parent=830"}],"curies":[{"name":"wp","href":"https:\/\/api.w.org\/{rel}","templated":true}]}}