{"id":815,"date":"2020-01-01T18:21:25","date_gmt":"2020-01-01T18:21:25","guid":{"rendered":"http:\/\/www.capdagdefrance.co.uk\/italian\/?page_id=815"},"modified":"2023-11-09T10:49:54","modified_gmt":"2023-11-09T10:49:54","slug":"prenotare","status":"publish","type":"page","link":"https:\/\/www.capdagdefrance.co.uk\/italian\/prenotare\/","title":{"rendered":"Come Prenotare a Camping &#8211; Cap d&#8217;Agde"},"content":{"rendered":"\n<figure class=\"wp-block-image aligncenter size-large\"><img loading=\"lazy\" decoding=\"async\" width=\"460\" height=\"277\" src=\"https:\/\/www.capdagdefrance.co.uk\/italian\/wp-content\/uploads\/2020\/01\/prenotare-campeggio-capdagde.jpg\" alt=\"Prenotare campeggio Cap d'Adge\" class=\"wp-image-2061\" srcset=\"https:\/\/www.capdagdefrance.co.uk\/italian\/wp-content\/uploads\/2020\/01\/prenotare-campeggio-capdagde.jpg 460w, https:\/\/www.capdagdefrance.co.uk\/italian\/wp-content\/uploads\/2020\/01\/prenotare-campeggio-capdagde-300x181.jpg 300w\" sizes=\"(max-width: 460px) 100vw, 460px\" \/><\/figure>\n\n\n\n<h2 class=\"wp-block-heading\">Prenotare il vostro soggiorno nel campeggio<\/h2>\n\n\n\n<p>Se volete prenotare una sistemazione nel campeggio del villaggio naturista di Cap d\u2019Agde,dovete prenotare presso REN\u00c9 OLTRA. L\u2019ufficio si trova presso l\u2019entrata principale del campeggio.<\/p>\n\n\n\n<p>Potete prenotare una piazzola od affittare un bungalow e potete farlo online <a rel=\"noreferrer noopener\" aria-label=\" (opens in a new tab)\" href=\"https:\/\/www.centrenaturiste-oltra.fr\/bienvenue-au-centre.html\" target=\"_blank\">sul sito di Ren\u00e9 Oltra<\/a>.<\/p>\n\n\n\n<p>Se volete mandare un email a Ren\u00e9 Oltra, il loro indirizzo \u00e8 infos@chm-reneoltra.fr, oppure li potete chiamare su 0033 (0) 4 67 01 06 36.<\/p>\n\n\n\n<p>Tutto lo staff del Ren\u00e9 Oltra parla inglese e qualcuno anche italiano, comunque sar\u00e0 pi\u00f9 facile se parlate qualche parola di francese quando telefonate.<\/p>\n\n\n\n<p>Se non parlate il francese, il modo pi\u00f9 semplice per prenotare \u00e8 il sistema di prenotazione online.<\/p>\n\n\n\n<p>Ci sono <a href=\"https:\/\/www.capdagdefrance.co.uk\/italian\/campeggio\/sistemazione\/\">vari tipi di alloggio disponibili da Rene Oltra <\/a>in campeggio e questi includono bungalow, piazzole e case mobili.<\/p>\n\n\n\n<h2 class=\"wp-block-heading\">Vantaggi di alloggiare in campeggio<\/h2>\n\n\n\n<p>Mia moglie ed io abbiamo alloggiato all\u2019Hotel Eve, nel campeggio ed anche in alcuni degli appartamenti nei complessi. Secondo noi comunque, il camping \u00e8 stata l\u2019esperienza migliore e per vari motivi. Le ragioni principali erano:<\/p>\n\n\n\n<ul class=\"wp-block-list\">\n<li>Ci sono molti pi\u00f9 naturisti nel campeggio e la gente va in giro senz\u2019abiti 24 ore al giorno. il che rende questo tipo di vacanza pi\u00f9 rilassante per alcuni.<\/li>\n\n\n\n<li>Pu\u00f2 essere molto pi\u00f9 economico che stare <a href=\"https:\/\/www.capdagdefrance.co.uk\/italian\/alloggiare\/hotel-eve\/\">all\u2019Hotel Eve <\/a>(specialmente se si campeggia in tenda).<\/li>\n\n\n\n<li>Ci sono punti di accesso diretti alla spiaggia.<\/li>\n\n\n\n<li>Ci sono pi\u00f9 scelte per i servizi, dato che alcune attrezzature sono riservate a chi sta nel campeggio.<\/li>\n\n\n\n<li>L\u2019atmosfera in generale, nel campeggio \u00e8 fantastica. Molti campeggiatori fanno grigliate, cucinano, si siedono all\u2019aperto con gli amici ecc. \u00c8 difficile da spiegare, ma l\u2019atmosfera \u00e8 molto rilssante.<\/li>\n<\/ul>\n\n\n\n<p>La cosa pi\u00f9 importante da ricordare \u00e8 che il campeggio \u00e8 gestito da una sola azienda ed il solo modo per prenotare un alloggio nel campeggio di Cap d\u2019Agde \u00e8 attraverso Rene Olltra.<\/p>\n\n\n\n<p>La famiglia Oltra \u00e8 proprietaria del campeggio da molto tempo e ne possiedono tutti i diritti.<\/p>\n\n\n\n<h2 class=\"wp-block-heading\">Internet Accessibile<\/h2>\n\n\n\n<p>Le piazzole hanno collegamenti alla rete elettrica e <a href=\"https:\/\/www.capdagdefrance.co.uk\/italian\/servizi\/internet-wifi\/\">internet wireless \u00e8 accessibile<\/a> in tutto il campeggio, anche se il collegamento e volte lascia un po\u2019 a desiderare.<\/p>\n\n\n\n<p>I collegamenti a volte sono lenti, ma chi ha la piazzola vicino ai trasmettitori trova che la connessione \u00e8 solida e affidabile.<\/p>\n\n\n\n<p>Nel campeggio di Cap d\u2019Agde <a href=\"https:\/\/www.capdagdefrance.co.uk\/italian\/campeggio\/servizi\/\">c\u2019\u00e8 una lavanderia<\/a>, vicino all\u2019entrata e accanto all\u2019ufficio principale. Ci sono anche un negozio di alimentari, una bancarella di frutta e verdura ed un furgoncino della pizza l\u00ec vicino.<\/p>\n\n\n\n<p>Nell\u2019ufficio ci sono cassette di sicurezza.<\/p>\n\n\n\n<div class=\"wp-block-image\"><figure class=\"aligncenter size-large\"><a href=\"https:\/\/www.capdagdefrance.co.uk\/italian\/e-libro\/\"><img loading=\"lazy\" decoding=\"async\" width=\"560\" height=\"315\" src=\"https:\/\/www.capdagdefrance.co.uk\/italian\/wp-content\/uploads\/2020\/01\/ebook-nudista.jpg\" alt=\"eBook nudista per Cap d'Agde\" class=\"wp-image-1840\" srcset=\"https:\/\/www.capdagdefrance.co.uk\/italian\/wp-content\/uploads\/2020\/01\/ebook-nudista.jpg 560w, https:\/\/www.capdagdefrance.co.uk\/italian\/wp-content\/uploads\/2020\/01\/ebook-nudista-300x169.jpg 300w\" sizes=\"(max-width: 560px) 100vw, 560px\" \/><\/a><figcaption><span style=\"text-decoration: underline;\"><strong><a href=\"https:\/\/www.capdagdefrance.co.uk\/italian\/e-libro\/\">Clicca per saperne di pi\u00fa e per comprare l\u2019eBook<\/a><\/strong><\/span><\/figcaption><\/figure><\/div>\n","protected":false},"excerpt":{"rendered":"<p>Prenotare il vostro soggiorno nel campeggio Se volete prenotare una sistemazione nel campeggio del villaggio naturista di Cap d\u2019Agde,dovete prenotare presso REN\u00c9 OLTRA. L\u2019ufficio si trova presso l\u2019entrata principale del campeggio. Potete prenotare una piazzola od affittare un bungalow e potete farlo online sul sito di Ren\u00e9 Oltra. Se volete mandare un email a Ren\u00e9 [&hellip;]<\/p>\n","protected":false},"author":1,"featured_media":2061,"parent":0,"menu_order":0,"comment_status":"closed","ping_status":"closed","template":"","meta":{"_et_pb_use_builder":"","_et_pb_old_content":"","_et_gb_content_width":"","_lmt_disableupdate":"no","_lmt_disable":"","footnotes":""},"class_list":["post-815","page","type-page","status-publish","has-post-thumbnail","hentry"],"_links":{"self":[{"href":"https:\/\/www.capdagdefrance.co.uk\/italian\/wp-json\/wp\/v2\/pages\/815","targetHints":{"allow":["GET"]}}],"collection":[{"href":"https:\/\/www.capdagdefrance.co.uk\/italian\/wp-json\/wp\/v2\/pages"}],"about":[{"href":"https:\/\/www.capdagdefrance.co.uk\/italian\/wp-json\/wp\/v2\/types\/page"}],"author":[{"embeddable":true,"href":"https:\/\/www.capdagdefrance.co.uk\/italian\/wp-json\/wp\/v2\/users\/1"}],"replies":[{"embeddable":true,"href":"https:\/\/www.capdagdefrance.co.uk\/italian\/wp-json\/wp\/v2\/comments?post=815"}],"version-history":[{"count":1,"href":"https:\/\/www.capdagdefrance.co.uk\/italian\/wp-json\/wp\/v2\/pages\/815\/revisions"}],"predecessor-version":[{"id":14202,"href":"https:\/\/www.capdagdefrance.co.uk\/italian\/wp-json\/wp\/v2\/pages\/815\/revisions\/14202"}],"wp:featuredmedia":[{"embeddable":true,"href":"https:\/\/www.capdagdefrance.co.uk\/italian\/wp-json\/wp\/v2\/media\/2061"}],"wp:attachment":[{"href":"https:\/\/www.capdagdefrance.co.uk\/italian\/wp-json\/wp\/v2\/media?parent=815"}],"curies":[{"name":"wp","href":"https:\/\/api.w.org\/{rel}","templated":true}]}}